{"id":66,"date":"2013-04-06T16:04:42","date_gmt":"2013-04-06T16:04:42","guid":{"rendered":"http:\/\/oberwalder.de\/ivmsl\/?page_id=66"},"modified":"2024-11-04T10:02:01","modified_gmt":"2024-11-04T10:02:01","slug":"initiative","status":"publish","type":"page","link":"http:\/\/oberwalder.de\/ivmsl\/?page_id=66","title":{"rendered":"Bundesl\u00e4nder"},"content":{"rendered":"\n<h2><strong><br>Vertreter<\/strong>\/innen<\/h2>\n\n\n\n<hr class=\"wp-block-separator\"\/>\n\n\n\n<div class=\"wp-block-columns are-vertically-aligned-top\">\n<div class=\"wp-block-column is-vertically-aligned-top\" style=\"flex-basis:100%\">\n<div class=\"wp-block-columns\">\n<div class=\"wp-block-column\" style=\"flex-basis:100%\">\n<div class=\"wp-block-group\"><div class=\"wp-block-group__inner-container\">\n<figure class=\"wp-block-table is-style-stripes\"><table><tbody><tr><td><strong><span class=\"has-inline-color has-luminous-vivid-orange-color\">L\u00e4nder<\/span><\/strong><\/td><td><span class=\"has-inline-color has-luminous-vivid-orange-color\"><strong>Tr\u00e4ger &amp;<br>Musikschulwerke <\/strong><\/span><\/td><td><span class=\"has-inline-color has-luminous-vivid-orange-color\"><strong>Vertreter<\/strong>\/innen<\/span><\/td><td><span class=\"has-inline-color has-luminous-vivid-orange-color\">zust\u00e4ndige<strong> <br>Gewerk<\/strong><\/span><span class=\"has-inline-color has-luminous-vivid-orange-color\"><strong>schaften<\/strong><\/span><\/td><\/tr><tr><td>O\u00d6<\/td><td>Land O\u00d6 <br><a rel=\"noreferrer noopener\" href=\"https:\/\/www.landesmusikschulen.at\/\" target=\"_blank\">O\u00d6. Landesmusikschulwerk<\/a><\/td><td><strong>Isolde Hauf<\/strong><br>(<a rel=\"noreferrer noopener\" href=\"https:\/\/www.landesmusikschulen.at\/ueber-uns\/kontakt?filter=zas\" target=\"_blank\">Zentralausschuss &#8211; Personalvertretung<\/a>)<\/td><td><a href=\"https:\/\/ooe.goed.at\/\" target=\"_blank\" rel=\"noreferrer noopener\">G\u00d6D<\/a><\/td><\/tr><tr><td>K\u00e4rnten<\/td><td>Land K\u00e4rnten (Abt. 6) <br><a rel=\"noreferrer noopener\" href=\"https:\/\/musikschule.ktn.gv.at\/\" target=\"_blank\">Musikschulen<\/a><\/td><td><strong>Silvia Igerc<\/strong><br>(<a rel=\"noreferrer noopener\" href=\"https:\/\/musikschule.ktn.gv.at\/personalvertretung\" target=\"_blank\">Personalvertretung<\/a>)<\/td><td><a href=\"https:\/\/ktn.goed.at\/\" target=\"_blank\" rel=\"noreferrer noopener\">G\u00d6D<\/a><\/td><\/tr><tr><td>Tirol<\/td><td>Land Tirol (Abt. Landesmusikdirektion) <br><a rel=\"noreferrer noopener\" href=\"https:\/\/www.tmsw.at\/\" target=\"_blank\">Tiroler Musikschulwerk<\/a><\/td><td><strong>Stefan Ennemoser<\/strong><br>(Dienststellenpersonalvertretung)<\/td><td><a href=\"https:\/\/tirol.goed.at\/\" target=\"_blank\" rel=\"noreferrer noopener\">G\u00d6D<\/a><\/td><\/tr><tr><td>Salzburg<\/td><td>Verein <br><a rel=\"noreferrer noopener\" href=\"https:\/\/musikum.at\/\" target=\"_blank\">Musikum Salzburg<\/a><\/td><td><strong>Ralf Halk<\/strong><br>(<a rel=\"noreferrer noopener\" href=\"https:\/\/www.betriebsratmusikum.at\/br-team\" target=\"_blank\">Betriebsrat<\/a>)<\/td><td><a href=\"https:\/\/salzburg.goed.at\/\" target=\"_blank\" rel=\"noreferrer noopener\">G\u00d6D<\/a><\/td><\/tr><tr><td>Burgenland<\/td><td>Verein <br><a rel=\"noreferrer noopener\" href=\"https:\/\/www.musikschulwerk-bgld.at\/\" target=\"_blank\">Musikschulwerk Burgenland<\/a><\/td><td><strong>Rudolf Neumayr<\/strong><br>(<a rel=\"noreferrer noopener\" href=\"https:\/\/www.musikschulwerk-bgld.at\/ueber-uns\/betriebsrat\" target=\"_blank\">Betriebsrat<\/a>)<\/td><td><a href=\"https:\/\/www.younion.at\/ueber-uns\/bundeslaender\/wien\/hauptgruppe-viii---kunst--medien--sport--freie-berufe\/sektion-musik\" target=\"_blank\" rel=\"noreferrer noopener\">younion<\/a><\/td><\/tr><tr><td>Wien<\/td><td>Stadt Wien (MA 13) <br><a rel=\"noreferrer noopener\" href=\"https:\/\/www.wien.gv.at\/bildung\/schulen\/musikschule\/\" target=\"_blank\">Musikschulen<\/a><\/td><td><strong>Mag. Andreas Wykydal<\/strong><br>(<a rel=\"noreferrer noopener\" href=\"http:\/\/www.betriebsrat-msw.at\/kontakt\/\" target=\"_blank\">Betriebsrat<\/a>)<\/td><td><a href=\"https:\/\/www.younion.at\/ueber-uns\/bundeslaender\/wien\/hauptgruppe-viii---kunst--medien--sport--freie-berufe\/sektion-musik\" target=\"_blank\" rel=\"noreferrer noopener\">younion<\/a><\/td><\/tr><tr><td>N\u00d6<\/td><td>Gemeinden \/ Verb\u00e4nde <br><a rel=\"noreferrer noopener\" href=\"https:\/\/www.mkmnoe.at\/\" target=\"_blank\">MKM<\/a> <\/td><td><strong>Mag. Martina Glatz<\/strong><br>(<a rel=\"noreferrer noopener\" href=\"https:\/\/www.younion.at\/ueber-uns\/bundeslaender\/wien\/hauptgruppe-viii---kunst--medien--sport--freie-berufe\/sektion-musik\" target=\"_blank\">Fachgruppe Instrumental- und Gesangslehrkr\u00e4fte<\/a>)<\/td><td><a href=\"https:\/\/www.younion.at\/ueber-uns\/bundeslaender\/niederoesterreich\" target=\"_blank\" rel=\"noreferrer noopener\">younion<\/a><\/td><\/tr><tr><td>Steiermark<\/td><td>Gemeinden (kommunale MS) \/ Vereine (private MS)<br><a rel=\"noreferrer noopener\" href=\"https:\/\/www.musikschulen.steiermark.at\/\" target=\"_blank\">Musikschulservicestelle<\/a> <\/td><td><strong>Mag. Tanja Stock<\/strong><br>(Fachreferentin f\u00fcr MusikschullehrerInnen) (<a rel=\"noreferrer noopener\" href=\"https:\/\/www.younion.at\/ueber-uns\/bundeslaender\/steiermark\/ansprechpartnerinnen\" target=\"_blank\">Bezirksausschuss Voitsberg<\/a>)<\/td><td><a href=\"https:\/\/www.younion.at\/ueber-uns\/bundeslaender\/steiermark\" target=\"_blank\" rel=\"noreferrer noopener\">younion<\/a><\/td><\/tr><tr><td>Vorarlberg<\/td><td>Gemeinden <br><a rel=\"noreferrer noopener\" href=\"https:\/\/www.musikschulwerk-vorarlberg.at\/vorarlbergermusikschulwerk\" target=\"_blank\">Vorarlberger Musikschulwerk<\/a><\/td><td><strong>Michael Percinlic<\/strong><br>(<a rel=\"noreferrer noopener\" href=\"https:\/\/www.younion-vorarlberg.at\/das-sind-wir\/fachbereiche\" target=\"_blank\">Fachbereich Musikschulen<\/a>)<\/td><td><a href=\"https:\/\/www.younion-vorarlberg.at\/\" target=\"_blank\" rel=\"noreferrer noopener\">younion<\/a><\/td><\/tr><tr><td>S\u00fcdtirol<\/td><td>Landesdirektion <br><a href=\"https:\/\/deutsche-bildung.provinz.bz.it\/de\/musikschulen\" target=\"_blank\" rel=\"noreferrer noopener\">Deutsche und ladinische MS<\/a><\/td><td><strong>Meinhard Windisch<\/strong><br>(<a rel=\"noreferrer noopener\" href=\"https:\/\/sgbcislschule.it\/kontakt\/\" target=\"_blank\">Die Schulgewerkschaft &#8211; Musikschulen<\/a>)<\/td><td><a href=\"https:\/\/sgbcislschule.it\/\" target=\"_blank\" rel=\"noreferrer noopener\">SGB CISL<\/a><\/td><\/tr><\/tbody><\/table><\/figure>\n<\/div><\/div>\n<\/div>\n<\/div>\n<\/div>\n<\/div>\n\n\n\n<p><\/p>\n","protected":false},"excerpt":{"rendered":"<p>Vertreter\/innen L\u00e4nder Tr\u00e4ger &amp;Musikschulwerke Vertreter\/innen zust\u00e4ndige Gewerkschaften O\u00d6 Land O\u00d6 O\u00d6. Landesmusikschulwerk Isolde Hauf(Zentralausschuss &#8211; Personalvertretung) G\u00d6D K\u00e4rnten Land K\u00e4rnten (Abt. 6) Musikschulen Silvia Igerc(Personalvertretung) G\u00d6D Tirol Land Tirol (Abt. Landesmusikdirektion) Tiroler Musikschulwerk Stefan Ennemoser(Dienststellenpersonalvertretung) G\u00d6D Salzburg Verein Musikum Salzburg Ralf Halk(Betriebsrat) G\u00d6D Burgenland Verein Musikschulwerk Burgenland Rudolf Neumayr(Betriebsrat) younion Wien Stadt Wien (MA 13) [&hellip;]<\/p>\n","protected":false},"author":1,"featured_media":0,"parent":0,"menu_order":0,"comment_status":"closed","ping_status":"open","template":"","meta":[],"_links":{"self":[{"href":"http:\/\/oberwalder.de\/ivmsl\/index.php?rest_route=\/wp\/v2\/pages\/66"}],"collection":[{"href":"http:\/\/oberwalder.de\/ivmsl\/index.php?rest_route=\/wp\/v2\/pages"}],"about":[{"href":"http:\/\/oberwalder.de\/ivmsl\/index.php?rest_route=\/wp\/v2\/types\/page"}],"author":[{"embeddable":true,"href":"http:\/\/oberwalder.de\/ivmsl\/index.php?rest_route=\/wp\/v2\/users\/1"}],"replies":[{"embeddable":true,"href":"http:\/\/oberwalder.de\/ivmsl\/index.php?rest_route=%2Fwp%2Fv2%2Fcomments&post=66"}],"version-history":[{"count":109,"href":"http:\/\/oberwalder.de\/ivmsl\/index.php?rest_route=\/wp\/v2\/pages\/66\/revisions"}],"predecessor-version":[{"id":531,"href":"http:\/\/oberwalder.de\/ivmsl\/index.php?rest_route=\/wp\/v2\/pages\/66\/revisions\/531"}],"wp:attachment":[{"href":"http:\/\/oberwalder.de\/ivmsl\/index.php?rest_route=%2Fwp%2Fv2%2Fmedia&parent=66"}],"curies":[{"name":"wp","href":"https:\/\/api.w.org\/{rel}","templated":true}]}}

Bundesländer

<h2><strong><br>Vertreter</strong>/innen</h2>



<hr class="wp-block-separator"/>



<div class="wp-block-columns are-vertically-aligned-top">
<div class="wp-block-column is-vertically-aligned-top" style="flex-basis:100%">
<div class="wp-block-columns">
<div class="wp-block-column" style="flex-basis:100%">
<div class="wp-block-group"><div class="wp-block-group__inner-container">
<figure class="wp-block-table is-style-stripes"><table><tbody><tr><td><strong><span class="has-inline-color has-luminous-vivid-orange-color">Länder</span></strong></td><td><span class="has-inline-color has-luminous-vivid-orange-color"><strong>Träger &amp;<br>Musikschulwerke </strong></span></td><td><span class="has-inline-color has-luminous-vivid-orange-color"><strong>Vertreter</strong>/innen</span></td><td><span class="has-inline-color has-luminous-vivid-orange-color">zuständige<strong> <br>Gewerk</strong></span><span class="has-inline-color has-luminous-vivid-orange-color"><strong>schaften</strong></span></td></tr><tr><td>OÖ</td><td>Land OÖ <br><a rel="noreferrer noopener" href="https://www.landesmusikschulen.at/" target="_blank">OÖ. Landesmusikschulwerk</a></td><td><strong>Isolde Hauf</strong><br>(<a rel="noreferrer noopener" href="https://www.landesmusikschulen.at/ueber-uns/kontakt?filter=zas" target="_blank">Zentralausschuss &#8211; Personalvertretung</a>)</td><td><a href="https://ooe.goed.at/" target="_blank" rel="noreferrer noopener">GÖD</a></td></tr><tr><td>Kärnten</td><td>Land Kärnten (Abt. 6) <br><a rel="noreferrer noopener" href="https://musikschule.ktn.gv.at/" target="_blank">Musikschulen</a></td><td><strong>Silvia Igerc</strong><br>(<a rel="noreferrer noopener" href="https://musikschule.ktn.gv.at/personalvertretung" target="_blank">Personalvertretung</a>)</td><td><a href="https://ktn.goed.at/" target="_blank" rel="noreferrer noopener">GÖD</a></td></tr><tr><td>Tirol</td><td>Land Tirol (Abt. Landesmusikdirektion) <br><a rel="noreferrer noopener" href="https://www.tmsw.at/" target="_blank">Tiroler Musikschulwerk</a></td><td><strong>Stefan Ennemoser</strong><br>(Dienststellenpersonalvertretung)</td><td><a href="https://tirol.goed.at/" target="_blank" rel="noreferrer noopener">GÖD</a></td></tr><tr><td>Salzburg</td><td>Verein <br><a rel="noreferrer noopener" href="https://musikum.at/" target="_blank">Musikum Salzburg</a></td><td><strong>Ralf Halk</strong><br>(<a rel="noreferrer noopener" href="https://www.betriebsratmusikum.at/br-team" target="_blank">Betriebsrat</a>)</td><td><a href="https://salzburg.goed.at/" target="_blank" rel="noreferrer noopener">GÖD</a></td></tr><tr><td>Burgenland</td><td>Verein <br><a rel="noreferrer noopener" href="https://www.musikschulwerk-bgld.at/" target="_blank">Musikschulwerk Burgenland</a></td><td><strong>Rudolf Neumayr</strong><br>(<a rel="noreferrer noopener" href="https://www.musikschulwerk-bgld.at/ueber-uns/betriebsrat" target="_blank">Betriebsrat</a>)</td><td><a href="https://www.younion.at/ueber-uns/bundeslaender/wien/hauptgruppe-viii---kunst--medien--sport--freie-berufe/sektion-musik" target="_blank" rel="noreferrer noopener">younion</a></td></tr><tr><td>Wien</td><td>Stadt Wien (MA 13) <br><a rel="noreferrer noopener" href="https://www.wien.gv.at/bildung/schulen/musikschule/" target="_blank">Musikschulen</a></td><td><strong>Mag. Andreas Wykydal</strong><br>(<a rel="noreferrer noopener" href="http://www.betriebsrat-msw.at/kontakt/" target="_blank">Betriebsrat</a>)</td><td><a href="https://www.younion.at/ueber-uns/bundeslaender/wien/hauptgruppe-viii---kunst--medien--sport--freie-berufe/sektion-musik" target="_blank" rel="noreferrer noopener">younion</a></td></tr><tr><td>NÖ</td><td>Gemeinden / Verbände <br><a rel="noreferrer noopener" href="https://www.mkmnoe.at/" target="_blank">MKM</a> </td><td><strong>Mag. Martina Glatz</strong><br>(<a rel="noreferrer noopener" href="https://www.younion.at/ueber-uns/bundeslaender/wien/hauptgruppe-viii---kunst--medien--sport--freie-berufe/sektion-musik" target="_blank">Fachgruppe Instrumental- und Gesangslehrkräfte</a>)</td><td><a href="https://www.younion.at/ueber-uns/bundeslaender/niederoesterreich" target="_blank" rel="noreferrer noopener">younion</a></td></tr><tr><td>Steiermark</td><td>Gemeinden (kommunale MS) / Vereine (private MS)<br><a rel="noreferrer noopener" href="https://www.musikschulen.steiermark.at/" target="_blank">Musikschulservicestelle</a> </td><td><strong>Mag. Tanja Stock</strong><br>(Fachreferentin für MusikschullehrerInnen) (<a rel="noreferrer noopener" href="https://www.younion.at/ueber-uns/bundeslaender/steiermark/ansprechpartnerinnen" target="_blank">Bezirksausschuss Voitsberg</a>)</td><td><a href="https://www.younion.at/ueber-uns/bundeslaender/steiermark" target="_blank" rel="noreferrer noopener">younion</a></td></tr><tr><td>Vorarlberg</td><td>Gemeinden <br><a rel="noreferrer noopener" href="https://www.musikschulwerk-vorarlberg.at/vorarlbergermusikschulwerk" target="_blank">Vorarlberger Musikschulwerk</a></td><td><strong>Michael Percinlic</strong><br>(<a rel="noreferrer noopener" href="https://www.younion-vorarlberg.at/das-sind-wir/fachbereiche" target="_blank">Fachbereich Musikschulen</a>)</td><td><a href="https://www.younion-vorarlberg.at/" target="_blank" rel="noreferrer noopener">younion</a></td></tr><tr><td>Südtirol</td><td>Landesdirektion <br><a href="https://deutsche-bildung.provinz.bz.it/de/musikschulen" target="_blank" rel="noreferrer noopener">Deutsche und ladinische MS</a></td><td><strong>Meinhard Windisch</strong><br>(<a rel="noreferrer noopener" href="https://sgbcislschule.it/kontakt/" target="_blank">Die Schulgewerkschaft &#8211; Musikschulen</a>)</td><td><a href="https://sgbcislschule.it/" target="_blank" rel="noreferrer noopener">SGB CISL</a></td></tr></tbody></table></figure>
</div></div>
</div>
</div>
</div>
</div>



<p></p>

<p>Vertreter/innen Länder Träger &amp;Musikschulwerke Vertreter/innen zuständige Gewerkschaften OÖ Land OÖ OÖ. Landesmusikschulwerk Isolde Hauf(Zentralausschuss &#8211; Personalvertretung) GÖD Kärnten Land Kärnten (Abt. 6) Musikschulen Silvia Igerc(Personalvertretung) GÖD Tirol Land Tirol (Abt. Landesmusikdirektion) Tiroler Musikschulwerk Stefan Ennemoser(Dienststellenpersonalvertretung) GÖD Salzburg Verein Musikum Salzburg Ralf Halk(Betriebsrat) GÖD Burgenland Verein Musikschulwerk Burgenland Rudolf Neumayr(Betriebsrat) younion Wien Stadt Wien (MA 13) [&hellip;]</p>
