{"id":59,"date":"2013-04-06T15:55:18","date_gmt":"2013-04-06T15:55:18","guid":{"rendered":"http:\/\/oberwalder.de\/ivmsl\/?page_id=59"},"modified":"2024-10-31T22:48:36","modified_gmt":"2024-10-31T22:48:36","slug":"petition","status":"publish","type":"page","link":"http:\/\/oberwalder.de\/ivmsl\/?page_id=59","title":{"rendered":"Anliegen"},"content":{"rendered":"\n<ul><li><strong>Status der Musikschulen im Bildungssystem<\/strong><\/li><\/ul>\n\n\n\n<ul><li><strong>Verbesserung der Rahmenbedingungen im Musikschulwesen (Dienstrecht, Lehrmittel, &#8230;)<\/strong><\/li><\/ul>\n\n\n\n<ul><li><strong>Ganzt\u00e4gige Schulformen:<\/strong><\/li><\/ul>\n\n\n\n<p><em>Einbindung des Musikschulunterrichts in Ganztagsschulen &#8211;<br>Petition der (damaligen) Initiative der Interessensvertreter f\u00fcr Musikschullehrkr\u00e4fte in \u00d6sterreich<br>ans (damalige) Bundesministerium f\u00fcr Unterricht, Kunst und Kultur:<br><a rel=\"noopener\" href=\"http:\/\/www.gopetition.com\/petitions\/einbindung-des-musikschulunterrichts-in-ganztagsschulen.html\" target=\"_blank\">http:\/\/www.gopetition.com\/petitions\/einbindung-des-musikschulunterrichts-in-ganztagsschulen.html<\/a><\/em><\/p>\n\n\n\n<div class=\"wp-block-buttons\">\n<div class=\"wp-block-button is-style-outline\"><a class=\"wp-block-button__link\" href=\"https:\/\/oberwalder.de\/ivmsl\/?p=353\">Read more<\/a><\/div>\n<\/div>\n\n\n\n<ul><li><strong>Private Musikschulen:<\/strong><\/li><\/ul>\n\n\n\n<p><em>Gerechte Entlohnung und Vertr\u00e4ge f\u00fcr alle Musikschullehrenden!<br>Interessensvertreter f\u00fcr KollegInnen aus privaten Musikschulen:<br>Alexander Leitner | +43 664 6145406 | <a rel=\"noreferrer noopener\" href=\"mailto:alexander.leitner@younion.at\" target=\"_blank\">alexander.leitner@younion.at<\/a> <br>Kontaktaufnahme mit Vertretern aus dem privaten Bereich&nbsp;willkommen!<\/em><\/p>\n\n\n\n<div class=\"wp-block-buttons\">\n<div class=\"wp-block-button is-style-outline\"><a class=\"wp-block-button__link\" href=\"https:\/\/oberwalder.de\/ivmsl\/?p=357\">Read more<\/a><\/div>\n<\/div>\n","protected":false},"excerpt":{"rendered":"<p>Status der Musikschulen im Bildungssystem Verbesserung der Rahmenbedingungen im Musikschulwesen (Dienstrecht, Lehrmittel, &#8230;) Ganzt\u00e4gige Schulformen: Einbindung des Musikschulunterrichts in Ganztagsschulen &#8211;Petition der (damaligen) Initiative der Interessensvertreter f\u00fcr Musikschullehrkr\u00e4fte in \u00d6sterreichans (damalige) Bundesministerium f\u00fcr Unterricht, Kunst und Kultur:http:\/\/www.gopetition.com\/petitions\/einbindung-des-musikschulunterrichts-in-ganztagsschulen.html Private Musikschulen: Gerechte Entlohnung und Vertr\u00e4ge f\u00fcr alle Musikschullehrenden!Interessensvertreter f\u00fcr KollegInnen aus privaten Musikschulen:Alexander Leitner | +43 664 [&hellip;]<\/p>\n","protected":false},"author":1,"featured_media":0,"parent":0,"menu_order":0,"comment_status":"closed","ping_status":"open","template":"","meta":[],"_links":{"self":[{"href":"http:\/\/oberwalder.de\/ivmsl\/index.php?rest_route=\/wp\/v2\/pages\/59"}],"collection":[{"href":"http:\/\/oberwalder.de\/ivmsl\/index.php?rest_route=\/wp\/v2\/pages"}],"about":[{"href":"http:\/\/oberwalder.de\/ivmsl\/index.php?rest_route=\/wp\/v2\/types\/page"}],"author":[{"embeddable":true,"href":"http:\/\/oberwalder.de\/ivmsl\/index.php?rest_route=\/wp\/v2\/users\/1"}],"replies":[{"embeddable":true,"href":"http:\/\/oberwalder.de\/ivmsl\/index.php?rest_route=%2Fwp%2Fv2%2Fcomments&post=59"}],"version-history":[{"count":52,"href":"http:\/\/oberwalder.de\/ivmsl\/index.php?rest_route=\/wp\/v2\/pages\/59\/revisions"}],"predecessor-version":[{"id":515,"href":"http:\/\/oberwalder.de\/ivmsl\/index.php?rest_route=\/wp\/v2\/pages\/59\/revisions\/515"}],"wp:attachment":[{"href":"http:\/\/oberwalder.de\/ivmsl\/index.php?rest_route=%2Fwp%2Fv2%2Fmedia&parent=59"}],"curies":[{"name":"wp","href":"https:\/\/api.w.org\/{rel}","templated":true}]}}

<ul><li><strong>Status der Musikschulen im Bildungssystem</strong></li></ul>



<ul><li><strong>Verbesserung der Rahmenbedingungen im Musikschulwesen (Dienstrecht, Lehrmittel, &#8230;)</strong></li></ul>



<ul><li><strong>Ganztägige Schulformen:</strong></li></ul>



<p><em>Einbindung des Musikschulunterrichts in Ganztagsschulen &#8211;<br>Petition der (damaligen) Initiative der Interessensvertreter für Musikschullehrkräfte in Österreich<br>ans (damalige) Bundesministerium für Unterricht, Kunst und Kultur:<br><a rel="noopener" href="http://www.gopetition.com/petitions/einbindung-des-musikschulunterrichts-in-ganztagsschulen.html" target="_blank">http://www.gopetition.com/petitions/einbindung-des-musikschulunterrichts-in-ganztagsschulen.html</a></em></p>



<div class="wp-block-buttons">
<div class="wp-block-button is-style-outline"><a class="wp-block-button__link" href="https://oberwalder.de/ivmsl/?p=353">Read more</a></div>
</div>



<ul><li><strong>Private Musikschulen:</strong></li></ul>



<p><em>Gerechte Entlohnung und Verträge für alle Musikschullehrenden!<br>Interessensvertreter für KollegInnen aus privaten Musikschulen:<br>Alexander Leitner | +43 664 6145406 | <a rel="noreferrer noopener" href="mailto:alexander.leitner@younion.at" target="_blank">alexander.leitner@younion.at</a> <br>Kontaktaufnahme mit Vertretern aus dem privaten Bereich&nbsp;willkommen!</em></p>



<div class="wp-block-buttons">
<div class="wp-block-button is-style-outline"><a class="wp-block-button__link" href="https://oberwalder.de/ivmsl/?p=357">Read more</a></div>
</div>

<p>Status der Musikschulen im Bildungssystem Verbesserung der Rahmenbedingungen im Musikschulwesen (Dienstrecht, Lehrmittel, &#8230;) Ganztägige Schulformen: Einbindung des Musikschulunterrichts in Ganztagsschulen &#8211;Petition der (damaligen) Initiative der Interessensvertreter für Musikschullehrkräfte in Österreichans (damalige) Bundesministerium für Unterricht, Kunst und Kultur:http://www.gopetition.com/petitions/einbindung-des-musikschulunterrichts-in-ganztagsschulen.html Private Musikschulen: Gerechte Entlohnung und Verträge für alle Musikschullehrenden!Interessensvertreter für KollegInnen aus privaten Musikschulen:Alexander Leitner | +43 664 [&hellip;]</p>
