{"id":237,"date":"2015-03-15T18:43:14","date_gmt":"2015-03-15T18:43:14","guid":{"rendered":"http:\/\/oberwalder.de\/ivmsl\/?page_id=237"},"modified":"2025-10-13T19:04:16","modified_gmt":"2025-10-13T19:04:16","slug":"treffen","status":"publish","type":"page","link":"http:\/\/oberwalder.de\/ivmsl\/?page_id=237","title":{"rendered":"Treffen"},"content":{"rendered":"\n<div class=\"wp-block-image is-style-default\"><figure class=\"aligncenter size-medium\"><a href=\"http:\/\/oberwalder.de\/ivmsl\/wp-content\/uploads\/2025\/10\/BIM-2025-Wien.jpg\"><img loading=\"lazy\" width=\"300\" height=\"206\" src=\"https:\/\/oberwalder.de\/ivmsl\/wp-content\/uploads\/2025\/10\/BIM-2025-Wien-300x206.jpg\" alt=\"\" class=\"wp-image-535\" srcset=\"http:\/\/oberwalder.de\/ivmsl\/wp-content\/uploads\/2025\/10\/BIM-2025-Wien-300x206.jpg 300w, http:\/\/oberwalder.de\/ivmsl\/wp-content\/uploads\/2025\/10\/BIM-2025-Wien-1024x704.jpg 1024w, http:\/\/oberwalder.de\/ivmsl\/wp-content\/uploads\/2025\/10\/BIM-2025-Wien-768x528.jpg 768w, http:\/\/oberwalder.de\/ivmsl\/wp-content\/uploads\/2025\/10\/BIM-2025-Wien.jpg 1112w\" sizes=\"(max-width: 300px) 100vw, 300px\" \/><\/a><\/figure><\/div>\n\n\n\n<p><strong>Am 4. und 5. April 2025<\/strong> trafen sich die Vorsitzenden der Personalvertretungen bzw. Betriebsr\u00e4te aus allen \u00f6sterreichischen Bundesl\u00e4ndern zu einer Konferenz in <strong>Wien<\/strong>, wo gemeinsame Themen und Herausforderungen aller Musikschulen im Land besprochen wurden und es darum ging, die T\u00e4tigkeit der Bundes-Interessenvertretung Musikschullehrender sichtbarer zu machen und sich intensiver mit den Sozialpartnern zu vernetzen. Daher waren auch Vertreter:innen aus der KOMU (Konferenz der \u00f6sterreichischen Musikschulwerke) sowie aus den f\u00fcr uns Musikschulp\u00e4dagog:innen zust\u00e4ndigen Fachgewerkschaften eingeladen: <br><em>KOMU-Vorsitzende Swea Hieltscher, Direktorin der Musikschulen der Stadt Wien; Landesdirektor Thomas Aichhorn, Musikum Salzburg; Thomas D\u00fcrrer, Younion, Fachgruppe Instrumental- und Gesangslehrkr\u00e4fte; Toni Polivka, G\u00d6D Salzburg, Landesvorsitzender PFG Salzburg, Team SALVE; Paul Kimberger, Bundesvorsitzender der Lehrergewerkschaft APS<\/em><\/p>\n\n\n\n<div class=\"wp-block-file\"><a href=\"http:\/\/oberwalder.de\/ivmsl\/wp-content\/uploads\/2025\/10\/Treffen-BIM-Wien-Bericht.pdf\">Treffen-BIM-Wien-Bericht<\/a><a href=\"http:\/\/oberwalder.de\/ivmsl\/wp-content\/uploads\/2025\/10\/Treffen-BIM-Wien-Bericht.pdf\" class=\"wp-block-file__button\" download>Download<\/a><\/div>\n\n\n\n<p class=\"has-text-align-center\"> &nbsp;* * * <\/p>\n\n\n\n<p><strong>Von 12. bis 13. November 2021<\/strong> haben die Personalvertreter und Betriebsr\u00e4te der Musikschulen der verschiedenen Bundesl\u00e4nder wieder <strong>in Salzburg <\/strong>getagt. Das geplante Treffen mit Musikum-Landesdirektor Mag. Michael Seywald als Vertreter der KOMU ist leider nicht zustande gekommen. Es wird im Dezember als Online-Meeting nachgeholt. Daf\u00fcr haben die Interessenvertreter die Zusammenkunft zur organisatorischen Planung ihrer \u00f6sterreichweiten Plattform und zum intensiven Austausch \u00fcber die gemeinsamen Anliegen der Musikschullehrkr\u00e4fte gen\u00fctzt. Im Vordergrund standen dabei naturgem\u00e4\u00df die Herausforderungen der Corona-Situation und der Status der Musikschulen auf Bundesebene.<\/p>\n\n\n\n<div class=\"wp-block-image\"><figure class=\"aligncenter\"><a href=\"http:\/\/oberwalder.de\/ivmsl\/wp-content\/uploads\/2021\/11\/BIM-HP.jpg\"><img loading=\"lazy\" width=\"300\" height=\"206\" src=\"http:\/\/oberwalder.de\/ivmsl\/wp-content\/uploads\/2021\/11\/BIM-HP-300x206.jpg\" alt=\"bim-hp\" class=\"wp-image-289\" srcset=\"http:\/\/oberwalder.de\/ivmsl\/wp-content\/uploads\/2021\/11\/BIM-HP-300x206.jpg 300w, http:\/\/oberwalder.de\/ivmsl\/wp-content\/uploads\/2021\/11\/BIM-HP-1024x705.jpg 1024w, http:\/\/oberwalder.de\/ivmsl\/wp-content\/uploads\/2021\/11\/BIM-HP.jpg 1744w\" sizes=\"(max-width: 300px) 100vw, 300px\" \/><\/a><\/figure><\/div>\n\n\n\n<p class=\"has-text-align-center\">&nbsp;* * *<\/p>\n\n\n\n<p>Zur dritten Bundestagung der Musikschullehrervertreter lud der Betriebsrat des Burgenl\u00e4ndischen Musikschulwerks <strong>am 28. und 29. September 2017 nach Deutschkreutz<\/strong> ein. In den Debatten \u00fcber die Zukunft des Berufsstandes und des Unterrichts kamen unter anderem Arbeitszeitmodelle zur Sprache. Speziell hingewiesen wurde auf eine wichtige Erkenntnis f\u00fcr Dienstgeber und Politik: Musikschullehrer arbeiten im Schnitt mehr als 40 Stunden pro Woche. Ein Thema, das die Teilnehmer wieder besonders besch\u00e4ftigte, waren ganzt\u00e4gige Schulformen. Hier ist die Politik gefordert. Es gilt, M\u00f6glichkeiten und Rahmenbedingungen zu schaffen, um den Musikschulunterricht in einer vern\u00fcnftigen Form weiterhin garantieren zu k\u00f6nnen.<\/p>\n\n\n\n<p class=\"has-text-align-center\">&nbsp;* * *<\/p>\n\n\n\n<p>Das zweite Treffen fand<strong> am 13. und 14. M\u00e4rz 2015 in Salzburg <\/strong>statt. Der Betriebsrat des Musikum lud&nbsp;die Musikschullehrervertreter aus den Bundesl\u00e4ndern im Rahmen dessen unter anderem zu einer Podiumsdiskussion mit dem <em>Pr\u00e4sidenten des \u00f6sterreichischen Gemeindebundes, Herrn Prof. Helmut M\u00f6dlhammer, dem Vertreter der Gemeinden Salzburgs, Herrn B\u00fcrgermeister Franz Wenger, Dr. Peter Gutschner vom Land Salzburg, Herrn Anton Polivka von der G\u00d6D sowie den Direktoren des Musikum, Herrn LD Mag. Michael Seywald und Herrn LD Mag. Christian T\u00fcrk<\/em>, ein. Dabei wurde vor allem \u00fcber die Problematik der Einbindung des Musikschulunterrichts in ganzt\u00e4gige Schulformen und \u00fcber die Finanzierung des Salzburger Musikschulwesens gesprochen.<\/p>\n\n\n\n<p class=\"has-text-align-center\">&nbsp;* * *<\/p>\n\n\n\n<p><strong>Am 24. und 25. Juni 2013<\/strong> trafen sich die \u00f6sterreichischen Musikschullehrervertreter auf Einladung des <strong>N\u00d6<\/strong> Musikschullehrerausschusses zu einem erstmaligen bundesl\u00e4nder- und gewerkschafts\u00fcbergreifenden Informations- und Erfahrungsaustausch miteinander und mit Vertretern konfessioneller Musikschulen sowie der AHS- und Pflichtschullehrkr\u00e4fte im Haus der Gewerkschaft in <strong>Wien<\/strong>.<br><em>Teilnehmer (v.l.n.r.):&nbsp;Martina Glatz (N\u00d6), Reinhold Buchas (Burgenland), Reinhard Kracher (Burgenland), Paul Sch\u00fcrz (O\u00d6), Gabriele D\u00f6rflinger (K\u00e4rnten), Gregor M\u00f6rth (Steiermark), Andreas Wykydal (Wien), Paul Bramb\u00f6ck (Tirol), Thomas Steinbrucker (Tirol), Georg Gappmayer (Salzburg)<\/em><\/p>\n\n\n\n<div class=\"wp-block-image\"><figure class=\"aligncenter\"><a href=\"http:\/\/oberwalder.de\/ivmsl\/wp-content\/uploads\/2013\/04\/Musikschullehrervertreter-Gruppenfoto.jpg\"><img src=\"http:\/\/oberwalder.de\/ivmsl\/wp-content\/uploads\/2013\/04\/Musikschullehrervertreter-Gruppenfoto-300x225.jpg\" alt=\"Musikschullehrervertreter-Gruppenfoto\"\/><\/a><\/figure><\/div>\n","protected":false},"excerpt":{"rendered":"<p>Am 4. und 5. April 2025 trafen sich die Vorsitzenden der Personalvertretungen bzw. Betriebsr\u00e4te aus allen \u00f6sterreichischen Bundesl\u00e4ndern zu einer Konferenz in Wien, wo gemeinsame Themen und Herausforderungen aller Musikschulen im Land besprochen wurden und es darum ging, die T\u00e4tigkeit der Bundes-Interessenvertretung Musikschullehrender sichtbarer zu machen und sich intensiver mit den Sozialpartnern zu vernetzen. Daher [&hellip;]<\/p>\n","protected":false},"author":1,"featured_media":0,"parent":0,"menu_order":0,"comment_status":"closed","ping_status":"open","template":"","meta":[],"_links":{"self":[{"href":"http:\/\/oberwalder.de\/ivmsl\/index.php?rest_route=\/wp\/v2\/pages\/237"}],"collection":[{"href":"http:\/\/oberwalder.de\/ivmsl\/index.php?rest_route=\/wp\/v2\/pages"}],"about":[{"href":"http:\/\/oberwalder.de\/ivmsl\/index.php?rest_route=\/wp\/v2\/types\/page"}],"author":[{"embeddable":true,"href":"http:\/\/oberwalder.de\/ivmsl\/index.php?rest_route=\/wp\/v2\/users\/1"}],"replies":[{"embeddable":true,"href":"http:\/\/oberwalder.de\/ivmsl\/index.php?rest_route=%2Fwp%2Fv2%2Fcomments&post=237"}],"version-history":[{"count":32,"href":"http:\/\/oberwalder.de\/ivmsl\/index.php?rest_route=\/wp\/v2\/pages\/237\/revisions"}],"predecessor-version":[{"id":551,"href":"http:\/\/oberwalder.de\/ivmsl\/index.php?rest_route=\/wp\/v2\/pages\/237\/revisions\/551"}],"wp:attachment":[{"href":"http:\/\/oberwalder.de\/ivmsl\/index.php?rest_route=%2Fwp%2Fv2%2Fmedia&parent=237"}],"curies":[{"name":"wp","href":"https:\/\/api.w.org\/{rel}","templated":true}]}}

<div class="wp-block-image is-style-default"><figure class="aligncenter size-medium"><a href="http://oberwalder.de/ivmsl/wp-content/uploads/2025/10/BIM-2025-Wien.jpg"><img loading="lazy" width="300" height="206" src="https://oberwalder.de/ivmsl/wp-content/uploads/2025/10/BIM-2025-Wien-300x206.jpg" alt="" class="wp-image-535" srcset="http://oberwalder.de/ivmsl/wp-content/uploads/2025/10/BIM-2025-Wien-300x206.jpg 300w, http://oberwalder.de/ivmsl/wp-content/uploads/2025/10/BIM-2025-Wien-1024x704.jpg 1024w, http://oberwalder.de/ivmsl/wp-content/uploads/2025/10/BIM-2025-Wien-768x528.jpg 768w, http://oberwalder.de/ivmsl/wp-content/uploads/2025/10/BIM-2025-Wien.jpg 1112w" sizes="(max-width: 300px) 100vw, 300px" /></a></figure></div>



<p><strong>Am 4. und 5. April 2025</strong> trafen sich die Vorsitzenden der Personalvertretungen bzw. Betriebsräte aus allen österreichischen Bundesländern zu einer Konferenz in <strong>Wien</strong>, wo gemeinsame Themen und Herausforderungen aller Musikschulen im Land besprochen wurden und es darum ging, die Tätigkeit der Bundes-Interessenvertretung Musikschullehrender sichtbarer zu machen und sich intensiver mit den Sozialpartnern zu vernetzen. Daher waren auch Vertreter:innen aus der KOMU (Konferenz der österreichischen Musikschulwerke) sowie aus den für uns Musikschulpädagog:innen zuständigen Fachgewerkschaften eingeladen: <br><em>KOMU-Vorsitzende Swea Hieltscher, Direktorin der Musikschulen der Stadt Wien; Landesdirektor Thomas Aichhorn, Musikum Salzburg; Thomas Dürrer, Younion, Fachgruppe Instrumental- und Gesangslehrkräfte; Toni Polivka, GÖD Salzburg, Landesvorsitzender PFG Salzburg, Team SALVE; Paul Kimberger, Bundesvorsitzender der Lehrergewerkschaft APS</em></p>



<div class="wp-block-file"><a href="http://oberwalder.de/ivmsl/wp-content/uploads/2025/10/Treffen-BIM-Wien-Bericht.pdf">Treffen-BIM-Wien-Bericht</a><a href="http://oberwalder.de/ivmsl/wp-content/uploads/2025/10/Treffen-BIM-Wien-Bericht.pdf" class="wp-block-file__button" download>Download</a></div>



<p class="has-text-align-center"> &nbsp;* * * </p>



<p><strong>Von 12. bis 13. November 2021</strong> haben die Personalvertreter und Betriebsräte der Musikschulen der verschiedenen Bundesländer wieder <strong>in Salzburg </strong>getagt. Das geplante Treffen mit Musikum-Landesdirektor Mag. Michael Seywald als Vertreter der KOMU ist leider nicht zustande gekommen. Es wird im Dezember als Online-Meeting nachgeholt. Dafür haben die Interessenvertreter die Zusammenkunft zur organisatorischen Planung ihrer österreichweiten Plattform und zum intensiven Austausch über die gemeinsamen Anliegen der Musikschullehrkräfte genützt. Im Vordergrund standen dabei naturgemäß die Herausforderungen der Corona-Situation und der Status der Musikschulen auf Bundesebene.</p>



<div class="wp-block-image"><figure class="aligncenter"><a href="http://oberwalder.de/ivmsl/wp-content/uploads/2021/11/BIM-HP.jpg"><img loading="lazy" width="300" height="206" src="http://oberwalder.de/ivmsl/wp-content/uploads/2021/11/BIM-HP-300x206.jpg" alt="bim-hp" class="wp-image-289" srcset="http://oberwalder.de/ivmsl/wp-content/uploads/2021/11/BIM-HP-300x206.jpg 300w, http://oberwalder.de/ivmsl/wp-content/uploads/2021/11/BIM-HP-1024x705.jpg 1024w, http://oberwalder.de/ivmsl/wp-content/uploads/2021/11/BIM-HP.jpg 1744w" sizes="(max-width: 300px) 100vw, 300px" /></a></figure></div>



<p class="has-text-align-center">&nbsp;* * *</p>



<p>Zur dritten Bundestagung der Musikschullehrervertreter lud der Betriebsrat des Burgenländischen Musikschulwerks <strong>am 28. und 29. September 2017 nach Deutschkreutz</strong> ein. In den Debatten über die Zukunft des Berufsstandes und des Unterrichts kamen unter anderem Arbeitszeitmodelle zur Sprache. Speziell hingewiesen wurde auf eine wichtige Erkenntnis für Dienstgeber und Politik: Musikschullehrer arbeiten im Schnitt mehr als 40 Stunden pro Woche. Ein Thema, das die Teilnehmer wieder besonders beschäftigte, waren ganztägige Schulformen. Hier ist die Politik gefordert. Es gilt, Möglichkeiten und Rahmenbedingungen zu schaffen, um den Musikschulunterricht in einer vernünftigen Form weiterhin garantieren zu können.</p>



<p class="has-text-align-center">&nbsp;* * *</p>



<p>Das zweite Treffen fand<strong> am 13. und 14. März 2015 in Salzburg </strong>statt. Der Betriebsrat des Musikum lud&nbsp;die Musikschullehrervertreter aus den Bundesländern im Rahmen dessen unter anderem zu einer Podiumsdiskussion mit dem <em>Präsidenten des österreichischen Gemeindebundes, Herrn Prof. Helmut Mödlhammer, dem Vertreter der Gemeinden Salzburgs, Herrn Bürgermeister Franz Wenger, Dr. Peter Gutschner vom Land Salzburg, Herrn Anton Polivka von der GÖD sowie den Direktoren des Musikum, Herrn LD Mag. Michael Seywald und Herrn LD Mag. Christian Türk</em>, ein. Dabei wurde vor allem über die Problematik der Einbindung des Musikschulunterrichts in ganztägige Schulformen und über die Finanzierung des Salzburger Musikschulwesens gesprochen.</p>



<p class="has-text-align-center">&nbsp;* * *</p>



<p><strong>Am 24. und 25. Juni 2013</strong> trafen sich die österreichischen Musikschullehrervertreter auf Einladung des <strong>NÖ</strong> Musikschullehrerausschusses zu einem erstmaligen bundesländer- und gewerkschaftsübergreifenden Informations- und Erfahrungsaustausch miteinander und mit Vertretern konfessioneller Musikschulen sowie der AHS- und Pflichtschullehrkräfte im Haus der Gewerkschaft in <strong>Wien</strong>.<br><em>Teilnehmer (v.l.n.r.):&nbsp;Martina Glatz (NÖ), Reinhold Buchas (Burgenland), Reinhard Kracher (Burgenland), Paul Schürz (OÖ), Gabriele Dörflinger (Kärnten), Gregor Mörth (Steiermark), Andreas Wykydal (Wien), Paul Bramböck (Tirol), Thomas Steinbrucker (Tirol), Georg Gappmayer (Salzburg)</em></p>



<div class="wp-block-image"><figure class="aligncenter"><a href="http://oberwalder.de/ivmsl/wp-content/uploads/2013/04/Musikschullehrervertreter-Gruppenfoto.jpg"><img src="http://oberwalder.de/ivmsl/wp-content/uploads/2013/04/Musikschullehrervertreter-Gruppenfoto-300x225.jpg" alt="Musikschullehrervertreter-Gruppenfoto"/></a></figure></div>

<p>Am 4. und 5. April 2025 trafen sich die Vorsitzenden der Personalvertretungen bzw. Betriebsräte aus allen österreichischen Bundesländern zu einer Konferenz in Wien, wo gemeinsame Themen und Herausforderungen aller Musikschulen im Land besprochen wurden und es darum ging, die Tätigkeit der Bundes-Interessenvertretung Musikschullehrender sichtbarer zu machen und sich intensiver mit den Sozialpartnern zu vernetzen. Daher [&hellip;]</p>
